Dec 02 01:56:55.524 INFO testing Zyphicx/ecstest against master#8940af3cea4a9a9deabcaf843b2f8cad9a83fc61 for beta-1.31-5
Dec 02 01:56:55.524 INFO running `"docker" "create" "-v" "/mnt/big/crater/work/local/target-dirs/beta-1.31-5/worker-3/master#8940af3cea4a9a9deabcaf843b2f8cad9a83fc61:/target:rw,Z" "-v" "/mnt/big/crater/work/local/test-source/worker-3/beta-1.31-5/master#8940af3cea4a9a9deabcaf843b2f8cad9a83fc61:/source:ro,Z" "-v" "/mnt/big/crater/work/local/cargo-home:/cargo-home:ro,Z" "-v" "/mnt/big/crater/work/local/rustup-home:/rustup-home:ro,Z" "-e" "USER_ID=1000" "-e" "SOURCE_DIR=/source" "-e" "USER_ID=1000" "-e" "CMD=cargo +8940af3cea4a9a9deabcaf843b2f8cad9a83fc61-alt build --frozen" "-e" "CARGO_TARGET_DIR=/target" "-e" "CARGO_INCREMENTAL=0" "-e" "RUST_BACKTRACE=full" "-e" "RUSTFLAGS=--cap-lints=warn" "-e" "CARGO_HOME=/cargo-home" "-e" "RUSTUP_HOME=/rustup-home" "-m" "1536M" "--network" "none" "crater"`
Dec 02 01:56:55.968 INFO [stdout] 45e45dea3e99c98a4097332aecb92ae51bfd9bc0dd3484596ef3e003d1250015
Dec 02 01:56:55.972 INFO running `"docker" "start" "-a" "45e45dea3e99c98a4097332aecb92ae51bfd9bc0dd3484596ef3e003d1250015"`
Dec 02 01:56:57.323 INFO [stderr] usermod: no changes
Dec 02 01:56:57.383 INFO [stderr]    Compiling ecstest v0.1.0 (/source)
Dec 02 01:56:57.890 INFO [stderr] warning: unused import: `Tag::*`
Dec 02 01:56:57.890 INFO [stderr]    --> src/main.rs:159:5
Dec 02 01:56:57.890 INFO [stderr]     |
Dec 02 01:56:57.890 INFO [stderr] 159 | use Tag::*;
Dec 02 01:56:57.890 INFO [stderr]     |     ^^^^^^
Dec 02 01:56:57.890 INFO [stderr]     |
Dec 02 01:56:57.890 INFO [stderr]     = note: #[warn(unused_imports)] on by default
Dec 02 01:56:57.890 INFO [stderr] 
Dec 02 01:56:57.970 INFO [stderr] error[E0277]: a collection of type `&Vel` cannot be built from an iterator over elements of type `&Vel`
Dec 02 01:56:57.970 INFO [stderr]    --> src/main.rs:94:30
Dec 02 01:56:57.970 INFO [stderr]     |
Dec 02 01:56:57.970 INFO [stderr] 94  |                             .collect()
Dec 02 01:56:57.970 INFO [stderr]     |                              ^^^^^^^ a collection of type `&Vel` cannot be built from `std::iter::Iterator<Item=&Vel>`
Dec 02 01:56:57.970 INFO [stderr] ...
Dec 02 01:56:57.970 INFO [stderr] 357 |     read!( Tag::HasGravity: Vel ); 
Dec 02 01:56:57.970 INFO [stderr]     |     ------------------------------ in this macro invocation
Dec 02 01:56:57.970 INFO [stderr]     |
Dec 02 01:56:57.970 INFO [stderr]     = help: the trait `std::iter::FromIterator<&Vel>` is not implemented for `&Vel`
Dec 02 01:56:57.970 INFO [stderr] 
Dec 02 01:56:58.039 INFO [stderr] error[E0308]: mismatched types
Dec 02 01:56:58.039 INFO [stderr]    --> src/main.rs:133:67
Dec 02 01:56:58.039 INFO [stderr]     |
Dec 02 01:56:58.039 INFO [stderr] 133 |                               .map(|x| { let comp: &mut Component = &**world.components.get_mut(&TypeId::of::<$components>())
Dec 02 01:56:58.039 INFO [stderr]     |  ___________________________________________________________________^
Dec 02 01:56:58.039 INFO [stderr] 134 | |                                                                                      .unwrap()
Dec 02 01:56:58.039 INFO [stderr] 135 | |                                                                                      .get_mut(*x) // Get the corresponding component
Dec 02 01:56:58.039 INFO [stderr] 136 | |                                                                                      .unwrap();
Dec 02 01:56:58.039 INFO [stderr]     | |______________________________________________________________________________________________^ types differ in mutability
Dec 02 01:56:58.039 INFO [stderr] ...
Dec 02 01:56:58.039 INFO [stderr] 358 |       write!( Tag::HasGravity: Pos );
Dec 02 01:56:58.039 INFO [stderr]     |       ------------------------------- in this macro invocation
Dec 02 01:56:58.039 INFO [stderr]     |
Dec 02 01:56:58.039 INFO [stderr]     = note: expected type `&mut (dyn Component + 'static)`
Dec 02 01:56:58.039 INFO [stderr]                found type `&(dyn Component + 'static)`
Dec 02 01:56:58.039 INFO [stderr] 
Dec 02 01:56:58.039 INFO [stderr] error[E0277]: a collection of type `&mut Pos` cannot be built from an iterator over elements of type `&mut Pos`
Dec 02 01:56:58.039 INFO [stderr]    --> src/main.rs:144:30
Dec 02 01:56:58.039 INFO [stderr]     |
Dec 02 01:56:58.039 INFO [stderr] 144 |                             .collect()
Dec 02 01:56:58.039 INFO [stderr]     |                              ^^^^^^^ a collection of type `&mut Pos` cannot be built from `std::iter::Iterator<Item=&mut Pos>`
Dec 02 01:56:58.039 INFO [stderr] ...
Dec 02 01:56:58.039 INFO [stderr] 358 |     write!( Tag::HasGravity: Pos );
Dec 02 01:56:58.039 INFO [stderr]     |     ------------------------------- in this macro invocation
Dec 02 01:56:58.039 INFO [stderr]     |
Dec 02 01:56:58.039 INFO [stderr]     = help: the trait `std::iter::FromIterator<&mut Pos>` is not implemented for `&mut Pos`
Dec 02 01:56:58.039 INFO [stderr] 
Dec 02 01:56:58.083 INFO [stderr] error[E0308]: mismatched types
Dec 02 01:56:58.083 INFO [stderr]    --> src/main.rs:191:14
Dec 02 01:56:58.083 INFO [stderr]     |
Dec 02 01:56:58.083 INFO [stderr] 191 |         Some(&self[id as usize])
Dec 02 01:56:58.083 INFO [stderr]     |              ^^^^^^^^^^^^^^^^^^ types differ in mutability
Dec 02 01:56:58.083 INFO [stderr]     |
Dec 02 01:56:58.083 INFO [stderr]     = note: expected type `&mut std::boxed::Box<(dyn Component + 'static)>`
Dec 02 01:56:58.083 INFO [stderr]                found type `&std::boxed::Box<(dyn Component + 'static)>`
Dec 02 01:56:58.083 INFO [stderr] 
Dec 02 01:56:58.099 INFO [stderr] error: aborting due to 4 previous errors
Dec 02 01:56:58.099 INFO [stderr] 
Dec 02 01:56:58.099 INFO [stderr] Some errors occurred: E0277, E0308.
Dec 02 01:56:58.099 INFO [stderr] For more information about an error, try `rustc --explain E0277`.
Dec 02 01:56:58.108 INFO [stderr] error: Could not compile `ecstest`.
Dec 02 01:56:58.108 INFO [stderr] 
Dec 02 01:56:58.108 INFO [stderr] To learn more, run the command again with --verbose.
Dec 02 01:56:58.108 INFO [stderr] su: No module specific data is present
Dec 02 01:56:59.139 INFO running `"docker" "inspect" "45e45dea3e99c98a4097332aecb92ae51bfd9bc0dd3484596ef3e003d1250015"`
Dec 02 01:56:59.466 INFO running `"docker" "rm" "-f" "45e45dea3e99c98a4097332aecb92ae51bfd9bc0dd3484596ef3e003d1250015"`
Dec 02 01:56:59.723 INFO [stdout] 45e45dea3e99c98a4097332aecb92ae51bfd9bc0dd3484596ef3e003d1250015
